Is 1475473217 a prime number?
True
Is 408575177 a composite number?
True
Is 16734140041 a prime number?
False
Is 321306329 composite?
True
Is 18222677807 prime?
True
Is 57312143029 a prime number?
False
Is 724170781 a composite number?
False
Is 7445877067 a prime number?
False
Is 5329378601 a prime number?
True
Is 135996857 prime?
False
Is 276088973 a composite number?
False
Is 1556765629 prime?
True
Is 1908573449 a composite number?
False
Is 8520211111 prime?
False
Is 103106248397 a composite number?
True
Is 10522226939 prime?
False
Is 313162987 prime?
True
Is 78236982853 a prime number?
True
Is 2438618087 composite?
True
Is 5940277333 prime?
False
Is 1032947119 composite?
True
Is 18114213563 prime?
True
Is 495383221 composite?
False
Is 2780223461 composite?
False
Is 144968075891 a composite number?
False
Is 28583666051 a composite number?
False
Is 502388153 prime?
False
Is 3915077027 a prime number?
False
Is 50803087397 composite?
False
Is 101640485407 a prime number?
True
Is 211804787 composite?
False
Is 807719219 composite?
True
Is 2488038947 a prime number?
False
Is 11301058903 a composite number?
True
Is 5994559111 prime?
False
Is 22971713867 a composite number?
True
Is 452826211 prime?
True
Is 5892380243 a composite number?
True
Is 12064798477 a composite number?
False
Is 12744930229 a prime number?
True
Is 16085778547 a prime number?
True
Is 538017269 prime?
True
Is 969184201 a composite number?
False
Is 13481831941 a composite number?
False
Is 4200947029 a composite number?
False
Is 64019697923 a composite number?
False
Is 236658541195 composite?
True
Is 238477487 a prime number?
False
Is 195074940481 composite?
True
Is 14591349469 a composite number?
True
Is 1870877587 prime?
True
Is 146758453 a composite number?
False
Is 110076771559 a composite number?
True
Is 31909854077 a composite number?
True
Is 228260449 a composite number?
False
Is 10792220641 a prime number?
False
Is 2295251077 prime?
False
Is 1711357639 a composite number?
True
Is 188080663 prime?
True
Is 541342931861 a composite number?
False
Is 7052676679 composite?
True
Is 1154110631 composite?
True
Is 6029235673 a composite number?
True
Is 204018566379 a prime number?
False
Is 7443752893 prime?
False
Is 1709416255 prime?
False
Is 261917891 prime?
False
Is 546950953 a prime number?
True
Is 79395037 prime?
True
Is 3824623821 prime?
False
Is 57266402327 prime?
True
Is 295046629 a composite number?
False
Is 6956871923 a composite number?
True
Is 18544627447 a prime number?
True
Is 143911186707 prime?
False
Is 684757013 a composite number?
False
Is 66185361761 a prime number?
True
Is 1208197993 a prime number?
True
Is 75108454283 a prime number?
True
Is 2645746783 prime?
True
Is 12823025239 a prime number?
False
Is 12037466383 composite?
True
Is 5214073217 a prime number?
True
Is 494165579 a composite number?
True
Is 4199624029 prime?
False
Is 8847858317 a prime number?
True
Is 23807300117 prime?
True
Is 2893730674 prime?
False
Is 7700747441 composite?
False
Is 1898305783 a prime number?
False
Is 1825180727 composite?
False
Is 2081966959 a prime number?
True
Is 22086607483 a prime number?
False
Is 53988541 prime?
False
Is 127450095053 prime?
False
Is 1757463467 a prime number?
False
Is 8811897683 composite?
False
Is 189996349 a composite number?
False
Is 1206542521 prime?
False
Is 313995251 prime?
False
Is 43455083 prime?
False
Is 14398099791 prime?
False
Is 2416729121 a composite number?
False
Is 853274927 composite?
True
Is 16844057801 prime?
True
Is 1466958749 a composite number?
True
Is 417589061 composite?
False
Is 13006688099 composite?
False
Is 117437393 composite?
True
Is 51535482749 composite?
True
Is 934015219 prime?
False
Is 3076085743 a prime number?
False
Is 281081299 a composite number?
False
Is 41605434401 composite?
False
Is 1701742187 a prime number?
False
Is 13860406655 a composite number?
True
Is 481069159 composite?
False
Is 625494395 a composite number?
True
Is 97941047 prime?
False
Is 26326245859 a composite number?
True
Is 702905071 a prime number?
False
Is 7168621073 a prime number?
True
Is 12816767497 a composite number?
False
Is 555892871 composite?
False
Is 16211626463 a composite number?
False
Is 476908997 prime?
True
Is 3517017061 prime?
False
Is 4657789709 a prime number?
False
Is 2100131687 a prime number?
False
Is 420923497 a prime number?
True
Is 1272210461 a composite number?
False
Is 642452308009 prime?
True
Is 498065017 prime?
True
Is 26598719437 a prime number?
True
Is 109234814861 prime?
True
Is 972542953 prime?
False
Is 1057321333 a composite number?
False
Is 6561825797 a composite number?
True
Is 27968915929 composite?
True
Is 922005047 composite?
True
Is 26294094731 a prime number?
True
Is 1526155781 a prime number?
True
Is 16034181341 composite?
False
Is 115046609 a composite number?
False
Is 8618071589 a composite number?
False
Is 1287825137 a prime number?
True
Is 10105703719 composite?
True
Is 6152584133 a prime number?
False
Is 517439291 a prime number?
False
Is 495120403 prime?
True
Is 603165091 a composite number?
False
Is 1484239433 prime?
True
Is 45707791 prime?
False
Is 2480935117 prime?
True
Is 608223713 prime?
True
Is 367225093 a composite number?
False
Is 2751886958 composite?
True
Is 20023894129 prime?
True
Is 27695651047 a prime number?
True
Is 56531103151 composite?
False
Is 33528614831 prime?
False
Is 1058977757 a composite number?
True
Is 31466617429 composite?
True
Is 1254073009 composite?
True
Is 335642074 a prime number?
False
Is 24719561579 prime?
True
Is 6476927323 a prime number?
True
Is 6700859069 prime?
False
Is 113502357763 a composite number?
True
Is 131093329 a composite number?
True
Is 589889693 a composite number?
True
Is 13653076139 a composite number?
False
Is 3429480323 prime?
False
Is 2857837051 a composite number?
False
Is 832132079 a prime number?
True
Is 72822991639 a prime number?
True
Is 2586398999 a composite number?
False
Is 13516263493 a composite number?
False
Is 4644843659 a prime number?
True
Is 6143847769 composite?
False
Is 4750976353 prime?
False
Is 593569231 a prime number?
False
Is 6926025761 composite?
False
Is 17518818917 a prime number?
False
Is 73307399 a prime number?
False
Is 38377592663 a composite number?
True
Is 8637529027 a prime number?
False
Is 21181005197 a prime number?
False
Is 66373997 a composite number?
True
Is 4475024383 a prime number?
True
Is 73421251243 a prime number?
False
Is 101491595497 prime?
True
Is 9352836083 a composite number?
False
Is 782713423 prime?
True
Is 6955099 a composite number?
True
Is 7703870693 a composite number?
False
Is 28867167629 composite?
False
Is 1237013189 a composite number?
True
Is 1296569621 a prime number?
False
Is 117286183679 prime?
False
Is 690506413 prime?
True
Is 1955599595 composite?
True
Is 3928613939 prime?
True
Is 27099874999 composite?
False
Is 803091379 a composite number?
False
Is 22352423849 composite?
True
Is 81883817207 prime?
True
Is 11864687963 a composite number?
False
Is 1196671601 a composite number?
True
Is 27188458667 a composite number?
False
Is 91328396921 prime?
True
Is 569316727 prime?
False
Is 13914914501 composite?
False
Is 1075115051 prime?
False
Is 22465601 prime?
False
Is 846017899 a prime number?
False
Is 10502164333 a composite number?
False
Is 49906823419 a composite number?
False
Is 78073603511 a prime number?
False
Is 691741199 composite?
False
Is 3954886447 composite?
True
Is 3552598633 a prime number?
True
Is 4232971667 composite?
False
Is 13027283803 a composite number?
False
Is 25751550719 a prime number?
True
Is 12222810617 a prime number?
False
Is 8969868659 prime?
True
Is 12447071447 prime?
True
Is 80372096741 a composite number?
False
Is 860591647 a composite number?
True
Is 504996071 a prime number?
True
Is 456709195 a composite number?
True
Is 7992545969 prime?
True
Is 57718543 composite?
True
Is 3987470451 composite?
True
Is 474254317 a prime number?
False
Is 21042399767 prime?
False
Is 13033572598 a prime number?
False
Is 9538610677 a composite number?
False
Is 3064030817 prime?
True
Is 1226797067 prime?
True
Is 3096755747 composite?
False
Is 123313261 a composite number?
True
Is 18426241261 a composite number?
True
Is 31323588341 composite?
False
Is 833012369 a composite numbe